is the greatest common factor of 116 and 8?
4
What is the highest common factor of 744 and 558?
186
What is the greatest common divisor of 202 and 4?
2
Calculate the highest common divisor of 18 and 1272.
6
What is the highest common factor of 65 and 20371?
13
What is the highest common factor of 2735 and 10?
5
What is the highest common divisor of 266 and 3059?
133
What is the highest common divisor of 15 and 810?
15
Calculate the greatest common divisor of 1357 and 46.
23
Calculate the highest common divisor of 2867 and 61.
61
What is the highest common factor of 18 and 3114?
18
What is the greatest common divisor of 102 and 5168?
34
What is the highest common divisor of 15 and 8220?
15
What is the greatest common factor of 15125 and 825?
275
Calculate the highest common divisor of 23 and 4.
1
What is the highest common divisor of 1225 and 441?
49
Calculate the greatest common divisor of 72 and 264.
24
What is the highest common factor of 105 and 135?
15
Calculate the highest common divisor of 2368 and 256.
64
What is the greatest common divisor of 19 and 361?
19
Calculate the greatest common factor of 3124 and 44.
44
Calculate the highest common factor of 72 and 352.
8
What is the highest common factor of 27 and 117?
9
What is the highest common factor of 242 and 836?
22
What is the highest common factor of 35 and 224?
7
What is the greatest common factor of 5198 and 46?
46
Calculate the greatest common factor of 150 and 14160.
30
What is the highest common factor of 427 and 122?
61
What is the highest common factor of 245 and 140?
35
What is the highest common divisor of 5412 and 66?
66
Calculate the highest common divisor of 1156 and 85.
17
Calculate the greatest common factor of 41 and 10537.
41
What is the greatest common divisor of 18 and 747?
9
Calculate the greatest common divisor of 732 and 183.
183
What is the highest common factor of 72 and 864?
72
Calculate the greatest common factor of 60 and 960.
60
What is the greatest common factor of 518 and 154?
14
Calculate the greatest common divisor of 4 and 214.
2
What is the greatest common factor of 198 and 1386?
198
What is the greatest common factor of 309 and 33?
3
What is the highest common factor of 36476 and 44?
44
Calculate the greatest common factor of 298 and 2235.
149
What is the highest common factor of 768 and 9728?
256
What is the highest common factor of 195 and 5837?
13
What is the greatest common divisor of 17898 and 76?
38
What is the greatest common divisor of 49 and 3269?
7
What is the greatest common divisor of 3303 and 9?
9
What is the highest common divisor of 3890 and 30?
10
What is the highest common divisor of 144 and 63?
9
Calculate the greatest common divisor of 30 and 1485.
15
Calculate the greatest common divisor of 115 and 1817.
23
Calculate the highest common divisor of 1246 and 28.
14
What is the highest common factor of 48 and 306?
6
Calculate the highest common factor of 161 and 299.
23
What is the highest common factor of 153 and 207?
9
Calculate the highest common factor of 374 and 544.
34
What is the highest common divisor of 1358 and 7?
7
Calculate the highest common divisor of 3096 and 216.
72
What is the highest common divisor of 135 and 27?
27
Calculate the greatest common divisor of 16 and 17.
1
Calculate the highest common divisor of 225 and 315.
45
What is the highest common divisor of 2658 and 48?
6
What is the highest common factor of 40 and 1620?
20
What is the highest common divisor of 44 and 1364?
44
Calculate the greatest common factor of 56 and 21.
7
Calculate the greatest common divisor of 46 and 2.
2
What is the greatest common factor of 14 and 1015?
7
What is the highest common factor of 48 and 78?
6
What is the highest common divisor of 1178 and 190?
38
What is the greatest common divisor of 4302 and 243?
9
What is the greatest common factor of 584 and 365?
73
Calculate the greatest common divisor of 198 and 506.
22
What is the highest common factor of 589 and 279?
31
Calculate the highest common divisor of 746 and 2.
2
Calculate the highest common divisor of 927 and 9.
9
Calculate the highest common divisor of 16 and 8048.
16
What is the highest common divisor of 54 and 66?
6
What is the greatest common factor of 175 and 50050?
175
What is the highest common factor of 11937 and 23?
23
Calculate the highest common divisor of 42 and 102.
6
What is the highest common factor of 4095 and 52?
13
What is the highest common factor of 4425 and 25?
25
Calculate the greatest common divisor of 16 and 2.
2
Calculate the highest common divisor of 78 and 18.
6
What is the greatest common factor of 4 and 1868?
4
Calculate the greatest common divisor of 702 and 26.
26
What is the highest common factor of 318 and 1696?
106
What is the greatest common divisor of 36 and 2088?
36
Calculate the greatest common factor of 10101 and 14.
7
What is the highest common divisor of 741 and 190?
19
Calculate the greatest common divisor of 377 and 91.
13
Calculate the highest common factor of 574 and 28.
14
Calculate the highest common divisor of 196 and 637.
49
Calculate the highest common divisor of 15 and 1215.
15
Calculate the greatest common factor of 1793 and 638.
11
Calculate the highest common divisor of 6142 and 518.
74
What is the greatest common factor of 10 and 6700?
10
What is the greatest common divisor of 2 and 86?
2
What is the greatest common factor of 160 and 544?
32
What is the greatest common factor of 656 and 1066?
82
Calculate the greatest common divisor of 140 and 175.
35
Calculate the highest common divisor of 245 and 931.
49
Calculate the greatest common divisor of 17 and 5389.
17
What is the highest common divisor of 1950 and 30?
30
Calculate the highest common divisor of 935 and 221.
17
What is the highest common factor of 98 and 1582?
14
Calculate the highest common factor of 7 and 7273.
7
Calculate the greatest common divisor of 3656 and 12.
4
Calculate the greatest common divisor of 752 and 16.
16
What is the greatest common factor of 5149 and 19?
19
Calculate the greatest common divisor of 4 and 22.
2
Calculate the highest common factor of 568 and 8.
8
Calculate the highest common factor of 651 and 126.
21
What is the highest common factor of 2 and 226?
2
What is the highest common factor of 9 and 288?
9
What is the highest common factor of 89 and 979?
89
Calculate the greatest common factor of 2044 and 219.
73
Calculate the greatest common divisor of 355 and 639.
71
What is the highest common divisor of 1121 and 59?
59
Calculate the highest common divisor of 9 and 972.
9
What is the highest common factor of 57024 and 36?
36
Calculate the highest common factor of 57 and 38.
19
Calculate the highest common divisor of 403 and 31.
31
Calculate the greatest common divisor of 252 and 420.
84
What is the highest common factor of 7 and 7903?
7
Calculate the highest common divisor of 46 and 3082.
46
Calculate the greatest common divisor of 172 and 1892.
172
What is the highest common divisor of 38 and 11?
1
Calculate the highest common factor of 3072 and 60.
12
What is the highest common divisor of 901 and 848?
53
What is the highest common factor of 3 and 1059?
3
What is the highest common factor of 40 and 160?
40
Calculate the greatest common factor of 82 and 6.
2
What is the highest common factor of 304 and 32?
16
Calculate the greatest common divisor of 12 and 202.
2
Calculate the greatest common factor of 10689 and 21.
21
What is the greatest common divisor of 112 and 126?
14
What is the greatest common divisor of 675 and 350?
25
Calculate the highest common factor of 1024 and 8.
8
Calculate the greatest common factor of 51 and 289.
17
What is the greatest common divisor of 16 and 48?
16
Calculate the greatest common divisor of 24 and 450.
6
What is the highest common divisor of 1640 and 400?
40
Calculate the greatest common factor of 217 and 6386.
31
Calculate the greatest common divisor of 664 and 83.
83
What is the greatest common factor of 8 and 21?
1
Calculate the greatest common divisor of 32 and 8.
8
Calculate the greatest common divisor of 7738 and 106.
106
Calculate the greatest common divisor of 100 and 1975.
25
Calculate the highest common divisor of 102 and 70.
2
What is the highest common factor of 33 and 363?
33
Cal